{"id":1505,"date":"2024-01-28T16:09:55","date_gmt":"2024-01-28T09:09:55","guid":{"rendered":"https:\/\/chuongvang.net\/?page_id=1505"},"modified":"2024-01-28T17:42:30","modified_gmt":"2024-01-28T10:42:30","slug":"elementor-1505","status":"publish","type":"page","link":"https:\/\/chuongvang.net\/","title":{"rendered":"Elementor #1505"},"content":{"rendered":"\n\t<div id=\"gap-1781331290\" class=\"gap-element clearfix\" style=\"display:block; height:auto;\">\n\t\t\n<style>\n#gap-1781331290 {\n  padding-top: 30px;\n}\n<\/style>\n\t<\/div>\n\t\n\n  <div class=\"banner-grid-wrapper\">\n  <div id=\"banner-grid-368209994\" class=\"banner-grid row row-grid row-small row-box-shadow-3 row-full-width\" data-packery-options=\"\">\n                      \n\n<div class=\"col grid-col large-9 grid-col-1\" ><div class=\"col-inner box-shadow-3\">\n\n<div class=\"slider-wrapper relative\" id=\"slider-1707195862\" >\n    <div class=\"slider slider-nav-circle slider-nav-large slider-nav-light slider-style-normal\"\n        data-flickity-options='{\n            \"cellAlign\": \"center\",\n            \"imagesLoaded\": true,\n            \"lazyLoad\": 1,\n            \"freeScroll\": false,\n            \"wrapAround\": true,\n            \"autoPlay\": 6000,\n            \"pauseAutoPlayOnHover\" : true,\n            \"prevNextButtons\": true,\n            \"contain\" : true,\n            \"adaptiveHeight\" : true,\n            \"dragThreshold\" : 10,\n            \"percentPosition\": true,\n            \"pageDots\": true,\n            \"rightToLeft\": false,\n            \"draggable\": true,\n            \"selectedAttraction\": 0.1,\n            \"parallax\" : 0,\n            \"friction\": 0.6        }'\n        >\n        \n\n\t<div class=\"img has-hover x md-x lg-x y md-y lg-y\" id=\"image_330216858\">\n\t\t\t\t\t\t\t\t<div class=\"img-inner dark\" >\n\t\t\t<img fetchpriority=\"high\" decoding=\"async\" width=\"1020\" height=\"642\" src=\"https:\/\/chuongvang.net\/wp-content\/uploads\/2024\/01\/phat-1.jpg\" class=\"attachment-large size-large\" alt=\"\" \/>\t\t\t\t\t\t\n\t\t\t\t\t<\/div>\n\t\t\t\t\t\t\t\t\n<style>\n#image_330216858 {\n  width: 100%;\n}\n<\/style>\n\t<\/div>\n\t\n\n\t<div class=\"img has-hover x md-x lg-x y md-y lg-y\" id=\"image_1731694673\">\n\t\t\t\t\t\t\t\t<div class=\"img-inner dark\" >\n\t\t\t<img decoding=\"async\" width=\"300\" height=\"300\" src=\"https:\/\/chuongvang.net\/wp-content\/uploads\/2024\/01\/phat-2.jpg\" class=\"attachment-medium size-medium\" alt=\"\" \/>\t\t\t\t\t\t\n\t\t\t\t\t<\/div>\n\t\t\t\t\t\t\t\t\n<style>\n#image_1731694673 {\n  width: 100%;\n}\n<\/style>\n\t<\/div>\n\t\n\n\t<div class=\"img has-hover x md-x lg-x y md-y lg-y\" id=\"image_1391176947\">\n\t\t\t\t\t\t\t\t<div class=\"img-inner dark\" >\n\t\t\t<img decoding=\"async\" width=\"758\" height=\"421\" src=\"https:\/\/chuongvang.net\/wp-content\/uploads\/2024\/01\/TC-5.jpg\" class=\"attachment-large size-large\" alt=\"\" \/>\t\t\t\t\t\t\n\t\t\t\t\t<\/div>\n\t\t\t\t\t\t\t\t\n<style>\n#image_1391176947 {\n  width: 100%;\n}\n<\/style>\n\t<\/div>\n\t\n\n\t<div class=\"img has-hover x md-x lg-x y md-y lg-y\" id=\"image_1674722916\">\n\t\t\t\t\t\t\t\t<div class=\"img-inner dark\" >\n\t\t\t<img loading=\"lazy\" decoding=\"async\" width=\"763\" height=\"586\" src=\"https:\/\/chuongvang.net\/wp-content\/uploads\/2024\/01\/TC-8.jpg\" class=\"attachment-large size-large\" alt=\"\" \/>\t\t\t\t\t\t\n\t\t\t\t\t<\/div>\n\t\t\t\t\t\t\t\t\n<style>\n#image_1674722916 {\n  width: 100%;\n}\n<\/style>\n\t<\/div>\n\t\n\n\n     <\/div>\n\n     <div class=\"loading-spin dark large centered\"><\/div>\n\n\t<\/div>\n\n\n\n<\/div><\/div>\n<div class=\"col grid-col large-3 grid-col-1-2\" ><div class=\"col-inner\">\n\n\t<div class=\"img has-hover x md-x lg-x y md-y lg-y\" id=\"image_247186878\">\n\t\t<a class=\"\" href=\"https:\/\/chuongvang.net\/index.php\/2024\/01\/23\/co-phat-nhien-dang\/\" >\t\t\t\t\t\t<div class=\"img-inner dark\" >\n\t\t\t<img loading=\"lazy\" decoding=\"async\" width=\"810\" height=\"624\" src=\"https:\/\/chuongvang.net\/wp-content\/uploads\/2024\/01\/TC-4.jpg\" class=\"attachment-large size-large\" alt=\"\" \/>\t\t\t\t\t\t\n\t\t\t\t\t<\/div>\n\t\t\t\t\t\t<\/a>\t\t\n<style>\n#image_247186878 {\n  width: 100%;\n}\n<\/style>\n\t<\/div>\n\t\n\n\n  <div class=\"banner has-hover\" id=\"banner-1716007290\">\n          <div class=\"banner-inner fill\">\n        <div class=\"banner-bg fill\" >\n            <div class=\"bg fill bg-fill \"><\/div>\n                        <div class=\"overlay\"><\/div>            \n                    <\/div>\n\t\t\n        <div class=\"banner-layers container\">\n            <a class=\"fill\" href=\"https:\/\/chuongvang.net\/index.php\/2024\/01\/23\/co-phat-nhien-dang\/\" ><div class=\"fill banner-link\"><\/div><\/a>            \n\n   <div id=\"text-box-2051551891\" class=\"text-box banner-layer x50 md-x50 lg-x50 y50 md-y50 lg-y50 res-text\">\n                                <div class=\"text-box-content text dark\">\n              \n              <div class=\"text-inner text-center\">\n                  \n\n<h3>C\u1ed4 PH\u1eacT NHI\u00caN \u0110\u0102NG<\/h3>\n\n              <\/div>\n           <\/div>\n                            \n<style>\n#text-box-2051551891 {\n  width: 60%;\n}\n#text-box-2051551891 .text-box-content {\n  font-size: 100%;\n}\n<\/style>\n    <\/div>\n \n\n        <\/div>\n      <\/div>\n\n            \n<style>\n#banner-1716007290 {\n  padding-top: 500px;\n}\n#banner-1716007290 .bg.bg-loaded {\n  background-image: url(https:\/\/chuongvang.net\/wp-content\/uploads\/2024\/01\/chuong.jpg);\n}\n#banner-1716007290 .overlay {\n  background-color: rgba(0, 0, 0, 0.17);\n}\n<\/style>\n  <\/div>\n\n\n\n<\/div><\/div>\n<div class=\"col grid-col large-3 grid-col-1-2\" ><div class=\"col-inner\">\n\n\n  <div class=\"banner has-hover\" id=\"banner-2044409799\">\n          <div class=\"banner-inner fill\">\n        <div class=\"banner-bg fill\" >\n            <div class=\"bg fill bg-fill \"><\/div>\n                        <div class=\"overlay\"><\/div>            \n                    <\/div>\n\t\t\n        <div class=\"banner-layers container\">\n            <a class=\"fill\" href=\"https:\/\/chuongvang.net\/index.php\/2024\/01\/23\/lay-sam\/\" ><div class=\"fill banner-link\"><\/div><\/a>            \n\n   <div id=\"text-box-1176435250\" class=\"text-box banner-layer x50 md-x50 lg-x50 y50 md-y50 lg-y50 res-text\">\n                                <div class=\"text-box-content text dark\">\n              \n              <div class=\"text-inner text-center\">\n                  \n\n\t<div id=\"text-1883537004\" class=\"text\">\n\t\t\n\n<h3 style=\"text-align: center;\"><strong>L\u1ea0Y S\u00c1M<\/strong><\/h3>\n\t\t\n<style>\n#text-1883537004 {\n  color: rgb(255,255,255);\n}\n#text-1883537004 > * {\n  color: rgb(255,255,255);\n}\n<\/style>\n\t<\/div>\n\t\n\n              <\/div>\n           <\/div>\n                            \n<style>\n#text-box-1176435250 {\n  width: 77%;\n}\n#text-box-1176435250 .text-box-content {\n  font-size: 100%;\n}\n<\/style>\n    <\/div>\n \n\n        <\/div>\n      <\/div>\n\n            \n<style>\n#banner-2044409799 {\n  padding-top: 500px;\n}\n#banner-2044409799 .bg.bg-loaded {\n  background-image: url(https:\/\/chuongvang.net\/wp-content\/uploads\/2024\/01\/sen-7.jpg);\n}\n#banner-2044409799 .overlay {\n  background-color: rgba(0, 0, 0, 0.17);\n}\n<\/style>\n  <\/div>\n\n\n\n<\/div><\/div>\n\n            <\/div>\n    <style>\n    #banner-grid-368209994 .grid-col-1{height: 500px}\n    #banner-grid-368209994 .grid-col-1-2{height: 250px}\n    #banner-grid-368209994 .grid-col-1-3{height:166.66666666667px}\n    #banner-grid-368209994 .grid-col-2-3{height: 333.33333333333px}\n    #banner-grid-368209994 .grid-col-1-4{height: 125px}\n    #banner-grid-368209994 .grid-col-3-4{height: 375px}\n\n\n    \n    \n\n  <\/style>\n    <\/div>\n  \n\n  \n    <div id=\"row-1397214976\" class=\"row large-columns-3 medium-columns- small-columns-1 has-shadow row-box-shadow-2 row-masonry\" data-packery-options='{\"itemSelector\": \".col\", \"gutter\": 0, \"presentageWidth\" : true}'>\n\n  <div class=\"col post-item\" >\n\t\t\t<div class=\"col-inner\">\n\t\t\t\t<div class=\"box box-text-bottom box-blog-post has-hover\">\n          \t\t\t\t\t<div class=\"box-text text-center\" >\n\t\t\t\t\t<div class=\"box-text-inner blog-post-inner\">\n\n\t\t\t\t\t\n\t\t\t\t\t\t\t\t\t\t<h5 class=\"post-title is-large \">\n\t\t\t\t\t\t<a href=\"https:\/\/chuongvang.net\/index.php\/2026\/03\/28\/chon-vong\/\" class=\"plain\">CH\u01a0N &#8211; V\u1eccNG<\/a>\n\t\t\t\t\t<\/h5>\n\t\t\t\t\t<div class=\"post-meta is-small op-8\">Th\u00e1ng 3 28, 2026<\/div>\t\t\t\t\t<div class=\"is-divider\"><\/div>\n\t\t\t\t\t\t\t\t\t\t<p class=\"from_the_blog_excerpt \">\n\t\t\t\t\t\tCH\u01a0N \u2013 V\u1eccNG M\u00ecnh v\u1ed1n l\u00e0 Ph\u1eadt, do m\u00ea l\u1ea7m qu\u00ean m\u1ea5t ch\u00ednh m\u00ecnh n\u00ean [...]\t\t\t\t\t<\/p>\n\t\t\t\t\t                    \n\t\t\t\t\t\n\t\t\t\t\t\n\t\t\t\t\t<\/div>\n\t\t\t\t\t<\/div>\n\t\t\t\t\t\t\t\t\t<\/div>\n\t\t\t<\/div>\n\t\t<\/div><div class=\"col post-item\" >\n\t\t\t<div class=\"col-inner\">\n\t\t\t\t<div class=\"box box-text-bottom box-blog-post has-hover\">\n            \t\t\t\t\t<div class=\"box-image\" >\n  \t\t\t\t\t\t<div class=\"image-cover\" style=\"padding-top:180px;\">\n\t\t\t\t\t\t\t<a href=\"https:\/\/chuongvang.net\/index.php\/2026\/03\/26\/dao-phat-chan-chinh\/\" class=\"plain\" aria-label=\"\u0110\u1ea0O PH\u1eacT CH\u00c2N CH\u00cdNH\">\n\t\t\t\t\t\t\t\t<img loading=\"lazy\" decoding=\"async\" width=\"300\" height=\"200\" src=\"https:\/\/chuongvang.net\/wp-content\/uploads\/2024\/01\/sen-11.jpg\" class=\"attachment-medium size-medium wp-post-image\" alt=\"\" \/>\t\t\t\t\t\t\t<\/a>\n  \t\t\t\t\t\t\t  \t\t\t\t\t\t\t  \t\t\t\t\t\t<\/div>\n  \t\t\t\t\t\t  \t\t\t\t\t<\/div>\n          \t\t\t\t\t<div class=\"box-text text-center\" >\n\t\t\t\t\t<div class=\"box-text-inner blog-post-inner\">\n\n\t\t\t\t\t\n\t\t\t\t\t\t\t\t\t\t<h5 class=\"post-title is-large \">\n\t\t\t\t\t\t<a href=\"https:\/\/chuongvang.net\/index.php\/2026\/03\/26\/dao-phat-chan-chinh\/\" class=\"plain\">\u0110\u1ea0O PH\u1eacT CH\u00c2N CH\u00cdNH<\/a>\n\t\t\t\t\t<\/h5>\n\t\t\t\t\t\t\t\t\t\t<div class=\"is-divider\"><\/div>\n\t\t\t\t\t\t\t\t\t\t<p class=\"from_the_blog_excerpt \">\n\t\t\t\t\t\t\u0110\u1ea0O PH\u1eacT CH\u00c2N CH\u00cdNH \u00a0 Trong kinh Ph\u00e1p Hoa, Ph\u1eadt Th\u00edch Ca \u0111\u00e3 n\u00f3i ch\u00fang [...]\t\t\t\t\t<\/p>\n\t\t\t\t\t                    \n\t\t\t\t\t\n\t\t\t\t\t\n\t\t\t\t\t<\/div>\n\t\t\t\t\t<\/div>\n\t\t\t\t\t\t\t\t\t\t\t\t\t\t\t\t<div class=\"badge absolute top post-date badge-outline\">\n\t\t\t\t\t\t\t<div class=\"badge-inner\">\n\t\t\t\t\t\t\t\t<span class=\"post-date-day\">26<\/span><br>\n\t\t\t\t\t\t\t\t<span class=\"post-date-month is-xsmall\">Th3<\/span>\n\t\t\t\t\t\t\t<\/div>\n\t\t\t\t\t\t<\/div>\n\t\t\t\t\t\t\t\t\t<\/div>\n\t\t\t<\/div>\n\t\t<\/div><div class=\"col post-item\" >\n\t\t\t<div class=\"col-inner\">\n\t\t\t\t<div class=\"box box-text-bottom box-blog-post has-hover\">\n          \t\t\t\t\t<div class=\"box-text text-center\" >\n\t\t\t\t\t<div class=\"box-text-inner blog-post-inner\">\n\n\t\t\t\t\t\n\t\t\t\t\t\t\t\t\t\t<h5 class=\"post-title is-large \">\n\t\t\t\t\t\t<a href=\"https:\/\/chuongvang.net\/index.php\/2025\/07\/04\/an-chay\/\" class=\"plain\">\u0102N CHAY<\/a>\n\t\t\t\t\t<\/h5>\n\t\t\t\t\t<div class=\"post-meta is-small op-8\">Th\u00e1ng 7 4, 2025<\/div>\t\t\t\t\t<div class=\"is-divider\"><\/div>\n\t\t\t\t\t\t\t\t\t\t<p class=\"from_the_blog_excerpt \">\n\t\t\t\t\t\t\u0102N CHAY Ngu\u1ed3n g\u1ed1c c\u1ee7a vi\u1ec7c \u0103n chay: \u00a0 \u00a0 \u00a0 \u0110i ng\u01b0\u1ee3c l\u1ea1i l\u1ecbch [...]\t\t\t\t\t<\/p>\n\t\t\t\t\t                    \n\t\t\t\t\t\n\t\t\t\t\t\n\t\t\t\t\t<\/div>\n\t\t\t\t\t<\/div>\n\t\t\t\t\t\t\t\t\t<\/div>\n\t\t\t<\/div>\n\t\t<\/div><div class=\"col post-item\" >\n\t\t\t<div class=\"col-inner\">\n\t\t\t\t<div class=\"box box-text-bottom box-blog-post has-hover\">\n          \t\t\t\t\t<div class=\"box-text text-center\" >\n\t\t\t\t\t<div class=\"box-text-inner blog-post-inner\">\n\n\t\t\t\t\t\n\t\t\t\t\t\t\t\t\t\t<h5 class=\"post-title is-large \">\n\t\t\t\t\t\t<a href=\"https:\/\/chuongvang.net\/index.php\/2025\/07\/04\/linh-hon\/\" class=\"plain\">LINH H\u1ed2N<\/a>\n\t\t\t\t\t<\/h5>\n\t\t\t\t\t<div class=\"post-meta is-small op-8\">Th\u00e1ng 7 4, 2025<\/div>\t\t\t\t\t<div class=\"is-divider\"><\/div>\n\t\t\t\t\t\t\t\t\t\t<p class=\"from_the_blog_excerpt \">\n\t\t\t\t\t\tLINH H\u1ed2N Ch\u1ebft c\u00f3 ph\u1ea3i l\u00e0 h\u1ebft? \u00a0 \u00a0 C\u00f3 ph\u1ea3i con ng\u01b0\u1eddi ch\u1ebft l\u00e0 [...]\t\t\t\t\t<\/p>\n\t\t\t\t\t                    \n\t\t\t\t\t\n\t\t\t\t\t\n\t\t\t\t\t<\/div>\n\t\t\t\t\t<\/div>\n\t\t\t\t\t\t\t\t\t<\/div>\n\t\t\t<\/div>\n\t\t<\/div><div class=\"col post-item\" >\n\t\t\t<div class=\"col-inner\">\n\t\t\t\t<div class=\"box box-text-bottom box-blog-post has-hover\">\n          \t\t\t\t\t<div class=\"box-text text-center\" >\n\t\t\t\t\t<div class=\"box-text-inner blog-post-inner\">\n\n\t\t\t\t\t\n\t\t\t\t\t\t\t\t\t\t<h5 class=\"post-title is-large \">\n\t\t\t\t\t\t<a href=\"https:\/\/chuongvang.net\/index.php\/2025\/07\/04\/nhan-qua\/\" class=\"plain\">NH\u00c2N QU\u1ea2<\/a>\n\t\t\t\t\t<\/h5>\n\t\t\t\t\t<div class=\"post-meta is-small op-8\">Th\u00e1ng 7 4, 2025<\/div>\t\t\t\t\t<div class=\"is-divider\"><\/div>\n\t\t\t\t\t\t\t\t\t\t<p class=\"from_the_blog_excerpt \">\n\t\t\t\t\t\tNH\u00c2N QU\u1ea2 &#8211; LU\u00c2N H\u1ed2I \u00a0 \u00a0 \u00a0Lu\u00e2n h\u1ed3i l\u00e0 s\u1ef1 \u0111\u1ea7u thai chuy\u1ec3n ki\u1ebfp [...]\t\t\t\t\t<\/p>\n\t\t\t\t\t                    \n\t\t\t\t\t\n\t\t\t\t\t\n\t\t\t\t\t<\/div>\n\t\t\t\t\t<\/div>\n\t\t\t\t\t\t\t\t\t<\/div>\n\t\t\t<\/div>\n\t\t<\/div><div class=\"col post-item\" >\n\t\t\t<div class=\"col-inner\">\n\t\t\t\t<div class=\"box box-text-bottom box-blog-post has-hover\">\n            \t\t\t\t\t<div class=\"box-image\" >\n  \t\t\t\t\t\t<div class=\"image-cover\" style=\"padding-top:180px;\">\n\t\t\t\t\t\t\t<a href=\"https:\/\/chuongvang.net\/index.php\/2025\/06\/13\/ngoai-cua-dao\/\" class=\"plain\" aria-label=\"NGO\u00c0I C\u1eecA \u0110\u1ea0O\">\n\t\t\t\t\t\t\t\t<img loading=\"lazy\" decoding=\"async\" width=\"300\" height=\"231\" src=\"https:\/\/chuongvang.net\/wp-content\/uploads\/2024\/01\/TC-4.jpg\" class=\"attachment-medium size-medium wp-post-image\" alt=\"\" \/>\t\t\t\t\t\t\t<\/a>\n  \t\t\t\t\t\t\t  \t\t\t\t\t\t\t  \t\t\t\t\t\t<\/div>\n  \t\t\t\t\t\t  \t\t\t\t\t<\/div>\n          \t\t\t\t\t<div class=\"box-text text-center\" >\n\t\t\t\t\t<div class=\"box-text-inner blog-post-inner\">\n\n\t\t\t\t\t\n\t\t\t\t\t\t\t\t\t\t<h5 class=\"post-title is-large \">\n\t\t\t\t\t\t<a href=\"https:\/\/chuongvang.net\/index.php\/2025\/06\/13\/ngoai-cua-dao\/\" class=\"plain\">NGO\u00c0I C\u1eecA \u0110\u1ea0O<\/a>\n\t\t\t\t\t<\/h5>\n\t\t\t\t\t\t\t\t\t\t<div class=\"is-divider\"><\/div>\n\t\t\t\t\t\t\t\t\t\t<p class=\"from_the_blog_excerpt \">\n\t\t\t\t\t\tThi\u1ec7n tri th\u1ee9c h\u1ecfi m\u1ed9t v\u1ecb T\u0103ng: Con b\u00ecnh an kh\u00f4ng? V\u1ecb T\u0103ng th\u01b0a: D\u1ea1 [...]\t\t\t\t\t<\/p>\n\t\t\t\t\t                    \n\t\t\t\t\t\n\t\t\t\t\t\n\t\t\t\t\t<\/div>\n\t\t\t\t\t<\/div>\n\t\t\t\t\t\t\t\t\t\t\t\t\t\t\t\t<div class=\"badge absolute top post-date badge-outline\">\n\t\t\t\t\t\t\t<div class=\"badge-inner\">\n\t\t\t\t\t\t\t\t<span class=\"post-date-day\">13<\/span><br>\n\t\t\t\t\t\t\t\t<span class=\"post-date-month is-xsmall\">Th6<\/span>\n\t\t\t\t\t\t\t<\/div>\n\t\t\t\t\t\t<\/div>\n\t\t\t\t\t\t\t\t\t<\/div>\n\t\t\t<\/div>\n\t\t<\/div><\/div>\n\n\n","protected":false},"excerpt":{"rendered":"Thi\u1ec7n tri th\u1ee9c h\u1ecfi m\u1ed9t v\u1ecb T\u0103ng: Con b\u00ecnh an kh\u00f4ng? V\u1ecb T\u0103ng th\u01b0a: D\u1ea1 con b\u00ecnh an. Thi\u1ec7n tri th\u1ee9c l\u1ea1i h\u1ecfi: \u0110\u00e3 lo \u0111\u01b0\u1ee3c sanh t\u1eed ch\u01b0a m\u00e0 b\u00ecnh an? V\u1ecb T\u0103ng th\u01b0a: D\u1ea1 con \u0111ang lo. Thi\u1ec7n tri th\u1ee9c: Lo sao kh\u00f4ng t\u00ecm \u0111\u01b0\u1eddng tho\u00e1t? V\u1ecb T\u0103ng: (im l\u1eb7ng) ...\/\/... M\u1ed9t \u0111o\u1ea1n [...]","protected":false},"author":1,"featured_media":0,"parent":0,"menu_order":0,"comment_status":"closed","ping_status":"closed","template":"","meta":{"footnotes":""},"class_list":["post-1505","page","type-page","status-publish","hentry"],"_links":{"self":[{"href":"https:\/\/chuongvang.net\/index.php\/wp-json\/wp\/v2\/pages\/1505","targetHints":{"allow":["GET"]}}],"collection":[{"href":"https:\/\/chuongvang.net\/index.php\/wp-json\/wp\/v2\/pages"}],"about":[{"href":"https:\/\/chuongvang.net\/index.php\/wp-json\/wp\/v2\/types\/page"}],"author":[{"embeddable":true,"href":"https:\/\/chuongvang.net\/index.php\/wp-json\/wp\/v2\/users\/1"}],"replies":[{"embeddable":true,"href":"https:\/\/chuongvang.net\/index.php\/wp-json\/wp\/v2\/comments?post=1505"}],"version-history":[{"count":19,"href":"https:\/\/chuongvang.net\/index.php\/wp-json\/wp\/v2\/pages\/1505\/revisions"}],"predecessor-version":[{"id":1755,"href":"https:\/\/chuongvang.net\/index.php\/wp-json\/wp\/v2\/pages\/1505\/revisions\/1755"}],"wp:attachment":[{"href":"https:\/\/chuongvang.net\/index.php\/wp-json\/wp\/v2\/media?parent=1505"}],"curies":[{"name":"wp","href":"https:\/\/api.w.org\/{rel}","templated":true}]}}